8 = g. Let k(p) = -4*p - 6. Give k(s).
10
Let a(y) be the first derivative of -y**4/4 - 2*y**3/3 + 2*y**2 + 6*y - 1475. Give a(-4).
22
Let q(l) = l**2 + 3 - 5 - l - 2*l. Suppose 27*j - 48 - 6 = 0. Suppose -3 = -j*s + 7. Calculate q(s).
8
Let c(k) = -13*k**3 - 18*k**2 - 7*k - 10. Let h(l) = 6*l**3 + 9*l**2 + 4*l + 6. Let q(p) = -5*c(p) - 11*h(p). Calculate q(-7).
-51
Let a(l) = -3*l**3 - 58*l**2 - 20*l - 20. Let o(d) = 2*d**2 - 20*d - 257. Let n be o(17). Calculate a(n).
-1
Let t(n) = 97 + 3*n - 40 - 33. Give t(-8).
0
Let u(p) = p**2 + 53*p - 222. Let o(g) = -7*g**2 + 35*g - 99. Let l be o(3). Give u(l).
6
Let z(l) = -2*l**2 + l + 1. Let g(t) be the first derivative of -t**3/3 + 19*t**2/2 - 16*t - 94. Let i be g(18). Give z(i).
-5
Let a(t) be the first derivative of 7*t**2/2 + 2*t + 1. Suppose 9*s = -0*s + 27. Determine a(s).
23
Suppose 2*o - 3 = -s, 4*o + s + 4*s = 3. Let n = o + -9. Let p(w) = -8*w**2 - w - 24. Let b(r) = 3*r**2 + r + 8. Let t(h) = -11*b(h) - 4*p(h). Determine t(n).
8
Let t(j) = -j**2 - 10*j + 8. Suppose -55*w = 30*w + 965 - 200. Calculate t(w).
17
Let c(o) = 5 + 221*o - 216*o + 6. Give c(-10).
-39
Let x(d) be the first derivative of d**4/8 - d**3/2 - d**2 - 10*d + 16. Let p(c) be the second derivative of x(c). Suppose u = 3*u - 6. Determine p(u).
6
Let z(s) = -6*s**3 - 80*s**2 - 29*s - 1. Let c be z(-13). Let l(i) = i - 42. What is l(c)?
-4
Let n(t) = -t**3 - 18*t**2 + 2*t + 27. Let c = 3222 + -3240. What is n(c)?
-9
Let i be (-3)/1*10/(-6). Suppose -5*r = -197 + 167. Suppose r*c = 3*c + i*c. Let y(z) = -z**3 + z**2 - z - 7. Determine y(c).
-7
Let z(f) = f**3 + 1. Let s = -2396 + 2401. Suppose 0 = -5*k - 4*r + 20, 2*r = 5*k - 2*r - 20. Suppose -4*x = k*j + 16, -s*j - 5 = x + 7. Give z(j).
-7
Suppose 2*w + 2*o + 12 = 3*w, 0 = 3*w + 5*o + 8. Suppose 0 = 5*c - 4*c + w*i + 1, 5*c - i + 68 = 0. Let m(y) = -y - 3. What is m(c)?
10
Let g be 1*1/(-2) - (-11)/2. Suppose -g*w + 27 = 4*t, -2*w + 12 = -0*t + t. Suppose 0 = l + 5*s - 6, 3*l - w - 11 = 4*s. Let o(d) = -d + 1. Calculate o(l).
-5
Let u(r) = -7*r**2 + 42 - 291*r**3 + 9*r - 58 + 292*r**3. Calculate u(7).
47
Let p(h) = -3*h**2 + 10*h - 1. Let v(a) = 5*a**2 - 19*a + 3. Let f(n) = 5*n - 59. Let w be f(11). Let u(s) = w*v(s) - 7*p(s). Calculate u(-7).
2
Suppose 872*t - 875*t = -5*h + 160, 0 = h - t - 34. Let l(s) = -s**2 + 21*s + 233. Calculate l(h).
1
Let c(p) = 80*p - 70*p - 219 - 2*p**2 + 267 + 28*p. Determine c(21).
-36
Let k(v) = -8*v + 50. Let i = -1980 - -1986. Determine k(i).
2
Let x(o) = 2*o - 12. Suppose 64*v - 58*v = -1128. Let n = 197 + v. Give x(n).
6
Let k(u) be the second derivative of u**5/20 - u**4/3 + 3*u**3/2 - 15*u**2/2 - 2821*u. Determine k(3).
3
Let r(k) be the third derivative of 0*k - 5/6*k**3 - 18*k**2 + 1/24*k**4 + 0. Determine r(11).
6
Suppose 5*f = -7*c + 8*f - 174, 0 = -3*c + 2*f - 71. Let t(v) = v**2 + 29*v + 65. Calculate t(c).
11
Let s(q) = 2*q**3 + 17*q**2 + 9*q + 7. Let n(i) = -i**3 - 8*i**2 - 5*i - 4. Let g(r) = -5*n(r) - 3*s(r). Determine g(-11).
21
Suppose 0 = 3*l - 5*h + 11, 58*l + h + 1 = 57*l. Let i(n) = 8*n**2 + 17*n + 29. Calculate i(l).
27
Let q = 40 + -88. Let d = q - -46. Let x(v) be the third derivative of -v**4/12 - v**3/3 + v**2. Determine x(d).
2
Suppose 2*v + 3*v = 95. Suppose v = -8*j - 13. Let a(z) = z**2 + z. Let q(b) = 5*b**2 + 8*b - 3. Let y(p) = j*a(p) + q(p). Calculate y(3).
18
Let a(z) = 2*z - 6. Suppose -5*u = 12*u + 221. Let g = u - -17. Calculate a(g).
2
Let s(v) = 1 - 29*v**2 + 5*v + 3 + 28*v**2. Let t = -52 - -17. Let a = t - -38. Give s(a).
10
Let w be -4 - (-44)/8 - (-3)/2. Let g(l) = l**3 - 2*l**2 - 3*l + 2. Let c be g(w). Let n(p) = -4*p + 1. Give n(c).
-7
Let j = 6476 + -6475. Let b(a) be the first derivative of 2*a**3 - a**2 + 2*a - 5. Calculate b(j).
6
Let b be 100/55 + 4/22 + 6. Let f(h) = h + b*h - h - 17 - 7*h. Let u be f(9). Let c(z) = -z**3 - 7*z**2 + 8*z - 5. Determine c(u).
-5
Let c(f) = -1622 + 6350 - 1627 - 1579 - 18*f - 1576. Give c(-4).
18
Suppose 0 = 23*l - 26*l + 6. Suppose a + l = -1. Let k(x) = 3*x**3 - 3*x**2 - 621 - 4*x**3 + 625 - x. What is k(a)?
7
Let b(n) = -n**3 - 6*n - 5303*n**2 - 27 + 2634*n**2 + 4*n + 2650*n**2. Calculate b(-19).
11
Let t(i) be the first derivative of -i**4/12 + 2*i**3/3 + 136*i - 135. Let b(j) be the first derivative of t(j). What is b(5)?
-5
Suppose 0 = -5*u - 3 + 23, -u + 8 = -g. Let z(p) = 2 - 65*p + 3 + 68*p. Calculate z(g).
-7
Let u(w) = 2*w**2 - 25*w + 15. Let b = -1049 - -1060. What is u(b)?
-18
Let d(l) be the third derivative of l**6/120 + 3*l**5/20 + l**4/4 - 7*l**3/6 + 2*l**2. Let c = 72 - -58. Let i = c + -138. Give d(i).
9
Let v(u) = u**3 + 14*u**2 - 3*u - 60. Let j(m) = -58*m - 4770. Let t be j(-82). What is v(t)?
-18
Let u(t) = 3*t + 5. Let w = -39 + 58. Suppose -w*x + 32*x = -65. Calculate u(x).
-10
Let b(s) = -s + 1. Suppose 3*d - 50 = -7*d. Suppose -2*n + 6*r = 2*r + 22, 5*r + 25 = -d*n. Give b(n).
8
Let t(b) = -8*b - 126 - 90 + b + 224. Calculate t(2).
-6
Let k(q) = 5*q**2 - 6*q + 15. Let h(g) = 3*g**2 + 14*g - 4. Let m(t) = t**2 + 6*t - 2. Let b(u) = -2*h(u) + 5*m(u). Let z(y) = -6*b(y) - k(y). Give z(5).
-8
Let z(w) be the first derivative of -w**4/4 - 2*w**3 - w**2/2 - 55*w + 39. Let s be z(-7). Let u(x) = x - 1. Calculate u(s).
0
Let r(m) = 20*m - 171. Let u = -10926 - -10935. Calculate r(u).
9
Let x(t) be the first derivative of -t**7/840 + t**6/45 - t**5/30 + 7*t**4/24 + 208*t**3/3 - 211. Let h(o) be the third derivative of x(o). What is h(7)?
28
Let f(n) = 18 + 12 - 5*n - 8 - 17. What is f(18)?
-85
Suppose 0*g + 4*a - 10 = g, -g - 13 = -5*a. Let s = 3 + -1. Let x(p) = s - 7*p + 7 - 12 + 1. Give x(g).
-16
Let o = -16534 + 16542. Let g(h) = -2*h**3 + 14*h**2 + 22*h - 34. Calculate g(o).
14
Let k(m) = -10*m**2 - m + 4. Let p(b) = b**2 - 1. Let o(v) = k(v) + 5*p(v). Let w(s) = -s**2 - 21*s - 70. Let a be w(-11). Let y = a - 41. Give o(y).
-5
Let h = 1035 - 1030. Let d(j) = -j**3 + 5*j**2 - 2*j + 11. What is d(h)?
1
Let z(b) = 132*b - 33. Let j(t) = -112*t + 32. Let x(i) = 6*j(i) + 5*z(i). What is x(0)?
27
Let f = -73 - -65. Let w be (f/(-20))/(5/25). Let u(y) = -14 + 8*y - 3*y - w*y + 7. What is u(5)?
8
Let c(q) be the first derivative of q**3/3 + q**2 + 3*q - 1. Let t = -140 - -147. Let b(o) = -o**2 - o - 4. Let f(k) = t*c(k) + 6*b(k). Calculate f(-8).
-3
Let o be 22/4 + (437/38 - 13). Let p(i) = -i**3 + 7*i**2 - 12*i + 8. Calculate p(o).
8
Let c(g) be the second derivative of 0 - 7/6*g**3 - 278*g - 1/2*g**2. Suppose x - 3 = -5*f - 2, 3*f + x = -1. Calculate c(f).
-8
Let c(l) be the second derivative of -3 - 1/2*l**3 + 13*l + 5*l**2. Calculate c(3).
1
Suppose -4*n = 2*o - 0*o - 28, -26 = -4*n - o. Let b(m) be the first derivative of -n*m + 24 + 0*m**2 + 0*m**3 - 1/4*m**4. What is b(0)?
-6
Let j be (-28)/(-10) + (-1972)/290. Let u(l) = 3*l**3 + 13*l**2 + 4*l - 5. Determine u(j).
-5
Let f(h) = h**2 + h + 1. Let u(l) = -4*l**2 + 8*l + 5. Let x(t) = 3*f(t) + u(t). Let j = 491 + -489. Suppose 4*q - 33*o - 51 = -30*o, 3*q - 38 = j*o. Give x(q).
-4
Let r = -248 + 250. Suppose -w = 3*f + w + 14, -r*w = 8. Let k(y) = -6*y - 3. Give k(f).
9
Let w(x) = -8*x - 49. Let q(p) = -3*p - 16. Let f(m) = -11*q(m) + 4*w(m). What is f(10)?
-10
Let c(o) = 84*o - 39*o - 5 + 5*o**2 - 26*o. Let z(f) = -2*f**2 - 6*f + 2. Let p(k) = 3*c(k) + 8*z(k). Give p(9).
1
Let o(a) = a**3 + 19*a**2 + 33*a + 15. Suppose -26*q - 52 = 390. Give o(q).
32
Let d(b) = -1 - 47*b - 2 + 41*b. Let p = 292 - 162. Let f = p - 133. Determine d(f).
15
Let h(c) = -5*c**3 - 12*c**2 - 11*c - 8. Let k(w) = 6*w**3 + 13*w**2 + 12*w + 8. Let u(s) = 5*h(s) + 4*k(s). Let v be 15 - (-4 - 40)/(-2). Calculate u(v).
-8
Let g(p) = 4*p**2 - 235*p - 3. Let s(x) = -3*x**2 + 197*x + 3. Let l(m) = -4*g(m) - 5*s(m). Calculate l(-45).
-3
Let x(c) = c**2 - 5*c + 1. Let v(p) = 13*p - 3. Let j be v(-6). Let f = -66 - j. Let m be ((-20)/f)/(2/(-9)). Calculate x(m).
7
Let n be (1/7)/((2/(-42))/(18/(-162))). Let h(b) be the first derivative of -3 - n*b**3 - 1/2*b**2 - 11*b. Calculate h(0).
-11
Let n(f) = 799*f + 2399. Let l be n(-3). Let y(b) be the second derivative of 0*b**3 + 31*b - 7/20*b**5 + 0*b**l + 0*b**4 + 0. Give y(-1).
7
Let h = -899 + 905. Let i(j) be the first derivative of -3*j**2/2 + 6*j - 2. Calculate i(h)